est common divisor of h and 242?
22
Let t be (-4)/3*(-2 - 1). Suppose -2*i + q = 3*i - 23, t*q = -12. Let d(m) = -3*m - 6. Let x be d(-6). Calculate the highest common factor of i and x.
4
Let u be (1/4)/(3/(-12)). Let y be (1/u)/(-4 + 3). What is the highest common divisor of 3 and y?
1
Let n be (1/3)/(3/72). Calculate the greatest common divisor of n and 80.
8
Suppose -15*p = -16*p + 12. Suppose -3*g + g - 12 = -2*j, 4*g + 2*j = 6. Let l be g - (-2)/((-2)/(-5)). What is the greatest common divisor of p and l?
4
Let y = 11 - -187. Let h(m) = m + 3. Let x be h(0). Let i be (-2)/x - 112/(-6). Calculate the highest common divisor of y and i.
18
Let j = -10 - -15. Let n(b) = -4*b - 2. Let k be n(-5). Suppose k = j*t - 42. Calculate the highest common divisor of t and 96.
12
Let j be -1 - (4/(-2) + -29). Let o be -2 - 2 - (-158)/2. Calculate the greatest common divisor of o and j.
15
Let o = 3 + 7. Suppose k + 8 = 5*q, q + 3*q + 3*k + 5 = 0. Let p be (q/(-2) + 2)*o. Calculate the greatest common divisor of 15 and p.
15
Let o(c) = c**2 - 16*c + 12. Let b be o(16). Let j(s) = -47*s + 2. Let g be j(-2). What is the greatest common factor of b and g?
12
Let i(w) = -w**3 - 8*w**2 - 6*w - 2. Let c be i(-7). Let n be ((-56)/6)/(6/c). Calculate the highest common divisor of 14 and n.
14
Suppose -3*s = -f - 8, f + 4 = -s + 8. Let q be 8/s*3/2. Suppose 3*b - q*b = -143. Calculate the greatest common divisor of 13 and b.
13
Let h be (-9)/6*(-20 - 2). Let s(i) = 2*i**2 + 2*i - 1. Let d be s(-3). Calculate the greatest common factor of h and d.
11
Suppose 0 = 3*a + 12 + 3. Let i be (-17)/a + (-14)/35. Suppose -2*b + 0 = -5*h - 1, -h - 14 = -5*b. What is the greatest common divisor of h and i?
1
Let o be (-8 - -12) + (-1 - 0). Suppose -2*c + o*c - 36 = 2*p, 2*c - 3*p = 74. Calculate the highest common divisor of 10 and c.
10
Let h(a) = -5*a + 12*a**2 - 8 - 16*a**2 + 7*a**2. Let o be h(6). Calculate the greatest common divisor of o and 28.
14
Let w(t) = t**3 - 3*t**2 + t + 3. Let c be w(2). Calculate the greatest common divisor of 1 and c.
1
Let o = 17 + -11. Suppose 3*m = -2*i + 90, -i + 60 = -0*m + 2*m. Calculate the highest common divisor of m and o.
6
Let n be ((-4)/6)/((-1)/(-6)). Let h = -6 - n. Let v be (5/(-2))/(1/h). What is the greatest common divisor of 40 and v?
5
Let z be ((-12)/(-2))/((-9)/6). Let b = z - -6. Let m(c) = c + 5. Let a be m(5). What is the highest common divisor of b and a?
2
Let k = -1 - -11. Suppose 3*n = -s - n - 4, -4*s - 2*n = 2. Suppose s = -2*h - h + 5*b + 110, -3*h = 2*b - 82. What is the greatest common factor of k and h?
10
Let v be (9/12)/((-2)/8). Let d be (0/1)/(5 + v). Suppose -9 + d = -3*g. Calculate the greatest common factor of g and 24.
3
Let b be (15 - (1 - -13)) + (-107)/(-1). Let u(g) = 6*g. Let l be u(2). What is the highest common divisor of b and l?
12
Suppose 15 = -5*a, 2*n + 213 = -n + a. Let s = -36 - n. Let o be 2 - (-25 + 1) - 2. Calculate the greatest common factor of s and o.
12
Suppose 15*x + 168 = 16*x. What is the highest common factor of x and 24?
24
Suppose -10*d = -0*d - 150. Calculate the highest common divisor of 30 and d.
15
Let g = -15 + 24. Let i be (-3)/(-2)*390/g. Calculate the highest common divisor of i and 13.
13
Suppose -o = -2*a + 4*o + 9, -3*a = -o - 7. Suppose 0 = -a*d - 0*d + 120. What is the highest common divisor of d and 40?
20
Let g = 18 - 7. Calculate the greatest common factor of g and 44.
11
Let w(a) = a**2 + 5*a - 10. Let i be w(-7). Suppose -2*k + 4*j = -164, 0*j = k - i*j - 76. Calculate the greatest common factor of k and 8.
8
Suppose -6 = 2*c - 66. What is the greatest common factor of 6 and c?
6
Let r be 15*(11/(-3) - -3). Let y be r/4*20/(-25). Calculate the highest common divisor of 4 and y.
2
Let x(t) = t**3 + 4*t**2 - 2*t - 4. Let d be x(-4). Suppose -b = 5, -45 = -5*a + b + d*b. What is the greatest common divisor of 28 and a?
4
Let d be 2/(-7) - 158/(-14). Let j = 161 - 57. Let k = 225 - j. What is the highest common divisor of d and k?
11
Suppose 5*i - 3*g - 13 = 23, 2 = 2*i + 5*g. What is the highest common divisor of i and 66?
6
Suppose 1 = -5*a + 16. Suppose -5*r + a*g + 205 = 0, -r + 4*r + 5*g = 157. Calculate the highest common divisor of 11 and r.
11
Let t be (1 + -3)*(-65)/26. Suppose -2*j - 3*j = 20. Let g = t - j. What is the greatest common divisor of g and 3?
3
Suppose -60 = 14*u - 15*u. What is the highest common divisor of 90 and u?
30
Suppose -4*z + 9 + 47 = 0. Calculate the highest common divisor of 14 and z.
14
Let b(d) = d - 9. Let j be b(8). Let g be -2 - (-58)/((-1)/j). Calculate the greatest common factor of 7 and g.
7
Suppose 30 = 4*q - q. Let p = q + -6. Suppose -p*m + 25 = m. What is the highest common divisor of m and 5?
5
Suppose -r + 2*k = -25, 0 + 26 = 2*r + 2*k. What is the greatest common divisor of r and 17?
17
Let i = -20 + 230. What is the greatest common divisor of i and 30?
30
Let x be (-178)/(-10) + 7/35. Let w be 0*(0 + (-3)/6). Suppose 30 = 5*h - w. What is the greatest common factor of x and h?
6
Let m = -36 + 48. Calculate the highest common factor of 4 and m.
4
Let q be (10/6 - 2)*-3. Suppose 3*g + 2*j - q = 6*j, -3*g + 15 = 3*j. Let u(f) = 4*f + 1. Let s be u(8). Calculate the highest common divisor of s and g.
3
Let j(c) = 3*c**2 + c - 1. Let w be j(-4). Let d be -1 + (-4 - -2) + w. What is the highest common factor of d and 60?
20
Let k be 202/8 + 7/112*12. Calculate the highest common divisor of 39 and k.
13
Let d = 9 - 4. Calculate the greatest common divisor of d and 5.
5
Suppose -3*l + 5*c = -33, -2*l + 3*l + 3*c - 11 = 0. Calculate the highest common factor of l and 121.
11
Let p = 14 - 8. Let h be p/4 + (-5)/10. Let q be 2/(-4)*(-6)/h. What is the greatest common divisor of 15 and q?
3
Suppose -800 = -3*o - o. Suppose -3*q + o = 2*q. What is the greatest common factor of q and 8?
8
Suppose -4*r - 95 = -2*s - 5, -2*s + 90 = -2*r. Let v(y) = y**3 + 16*y**2 - y - 1. Let w be v(-16). Calculate the highest common divisor of s and w.
15
Let t(v) = 125*v**2 + 1. Let x be t(1). Let a(o) = -o + 12. Let g be a(-6). What is the greatest common factor of x and g?
18
Let o be 3500/6 + (-2)/6. Suppose -o = 2*d + 2915. Let x be d/(-15) + 4/10. What is the highest common divisor of 13 and x?
13
Let h(y) be the third derivative of 3*y**2 + 0*y + 0 + 5/3*y**3 - 1/12*y**4. Let l be h(-10). Calculate the highest common divisor of l and 15.
15
Let r = 56 - 38. Calculate the highest common factor of 36 and r.
18
Let j = 144 - 81. Let n(i) = -3*i. Let g be n(-3). What is the highest common divisor of j and g?
9
Let r = -39 - -69. Calculate the greatest common divisor of r and 20.
10
Let l be (-24)/(-2) - (4 + -2). Calculate the highest common factor of 10 and l.
10
Suppose j = 5*l - 994, 0 = 3*j + 2*j + 20. What is the greatest common divisor of 22 and l?
22
Suppose 0 = -3*x + 4*x - 13. Let w be (-1 + 3)*13/2. What is the greatest common divisor of w and x?
13
Suppose 132 = -0*m + 3*m. What is the highest common factor of m and 4?
4
Let a be (3 + 0)/(7/(-14)). Let h = 9 + a. Suppose 2 + 4 = 2*t. What is the highest common factor of h and t?
3
Let s = 27 + -73. Let z be 5/20 + s/(-8). What is the greatest common factor of 54 and z?
6
Suppose -2*i - 4*t = -48, 0 = -2*t - 2*t + 20. Suppose 4 = 4*m, -4*m + 0*m - 3 = f. Let z = f + i. What is the highest common factor of 56 and z?
7
Suppose 4 = -2*p - 2. Let v be (24/9)/((-1)/p). Let q = -5 + 37. What is the greatest common divisor of q and v?
8
Let i be 0 + 0 + 3*3. Suppose 5*b - 180 = 45. What is the greatest common factor of b and i?
9
Let z(y) = 4*y + 78. Let f be z(-15). Suppose -2*b = -k + 8, 21 = -4*b + 5. Let p be (k + -1 + -2)*-54. Calculate the greatest common factor of p and f.
18
Let u(w) = -96*w - 2. Let x be u(3). Let z = x - -488. Calculate the greatest common divisor of 18 and z.
18
Suppose 16 = 6*b - 4*b. Calculate the greatest common divisor of b and 24.
8
Let z = 109 + -103. Suppose 46 + 122 = 4*i. What is the greatest common factor of i and z?
6
Let p(z) = -7*z**3 + z**2 - z + 2. Suppose -9 + 1 = 4*c. Let g be p(c). Let v(h) = -h + 1. Let b be v(-7). Calculate the greatest common factor of g and b.
8
Let l be ((-13)/6*-2)/((-13)/(-39)). Let q be (1 - (-45)/(-6))*-22. C